 - 0*i + n. Let o = i + -6. What is the remainder when 62 is divided by o?
14
Let q(a) = -43*a - 309. Let g(p) = -p**3 + 11*p**2 - 7*p - 5. Calculate the remainder when q(-10) is divided by g(10).
21
Let m be -9 - (3 - (-5 + 21)). Suppose -5*z + 74 = a + 2*a, 5*z - 92 = -4*a. Calculate the remainder when m/(-4*(-3)/a) is divided by 3.
0
Let h(t) be the first derivative of 29*t**4/4 + t**2/2 - t + 19. What is the remainder when h(1) is divided by 8?
5
Let k = -57 + 64. What is the remainder when 158 is divided by k?
4
Let y = 621 + -183. What is the remainder when y is divided by 44?
42
Suppose -5*h - 51 = -k, -2*k + h + 99 = -21. Calculate the remainder when k is divided by 14.
5
What is the remainder when ((5 - -1) + -3)/(4/36) is divided by 10/2*(3 - 0)?
12
What is the remainder when 411 is divided by (0 + -2 + 8)*580/174?
11
Suppose 4*h = 1 + 15. Let g = h + 3. What is the remainder when (6/g)/(2/28) is divided by 7?
5
Let f(m) = -2*m**2 + 26*m - 21. What is the remainder when f(9) is divided by 27?
24
Let d = 99 + -42. Suppose -i = 4*r - 195, -2*r + 7*i - 5*i + 90 = 0. Suppose 3*y = -y + r. Calculate the remainder when d is divided by y.
9
Suppose 723 = 10*q - 17. Calculate the remainder when q is divided by 32.
10
Let o be (875/5)/((-1)/(-1)). Suppose 0 = -13*j + 18*j - o. Calculate the remainder when j is divided by 18.
17
Let q(u) = -7*u - 9. Let s(x) = -187*x - 1. Let n be s(-1). Let d = n - 110. What is the remainder when d is divided by q(-5)?
24
Let n be 2*(-1)/(6/141). Let t = n - -103. Calculate the remainder when 279 is divided by t.
55
Suppose -3*x + 11*h + 184 = 7*h, 2*h = 2*x - 126. Calculate the remainder when 677 is divided by x.
65
Suppose -v + 5*v + 2000 = 0. Suppose 8*p + 415 = 135. What is the remainder when 49 is divided by (-5)/p - v/28?
13
Let x(g) = g**2 - 3*g - 2. Let d be x(4). Suppose -d - 1 = -s - 3*b, 5*s = -4*b + 26. Calculate the remainder when 29 + (-8)/(-4) + -2 is divided by s.
5
What is the remainder when 83 is divided by 12/186 - 1918/(-62)?
21
Suppose -u + 2*i + 319 = 0, -8*i + 6*i + 1631 = 5*u. What is the remainder when u is divided by 15?
10
Let b = -266 - -393. What is the remainder when b is divided by 72?
55
Calculate the remainder when ((-405)/36 + -7)/(3/(-12)) is divided by 19.
16
Let k = 2315 + -2272. Calculate the remainder when 211 is divided by k.
39
What is the remainder when (24 - 4) + (-6)/2 is divided by 5?
2
Let x be (-4)/(-14) + 2568/28. Suppose 3*k - 12 = 0, 4*k = -3*c + 2*k + x. What is the remainder when 106 is divided by c?
22
Let t = -4 + 2. What is the remainder when 124 is divided by -1 + ((2 - 3) + t)*-11?
28
Suppose -4*j - 13 = 4*a + 35, 4*j - 2*a = -54. Let s = 92 + j. Let r = 20 + 0. What is the remainder when s is divided by r?
19
Let c = -289 + 291. What is the remainder when c is divided by 2?
0
Let d(s) = -s**2 + 4*s + 4. Let t = 8 + -4. What is the remainder when 14 is divided by d(t)?
2
Let g = 739 - 391. What is the remainder when g is divided by 50?
48
Suppose 2*n = 3*n. Suppose -25 = -5*c - n. Suppose c*r = 7 - 2. Calculate the remainder when 4 is divided by r.
0
Let q(s) = -s - 16. Let k be q(-6). Let f(w) = w**3 + 9*w**2 - 10*w + 12. Calculate the remainder when (96/(-10))/((-9)/30) is divided by f(k).
8
Let d(m) = m**3 - 2*m**2 + 2*m - 1. What is the remainder when (18/(-4))/((-1)/6) is divided by d(3)?
13
Suppose 7*j = -3*g + 6*j + 2650, -g + 878 = 3*j. What is the remainder when g is divided by 37?
33
Suppose 2*a - 3*a + 37 = 0. Let f = a + -27. What is the remainder when 87 is divided by -7*(-4 - f/(-7))?
15
Suppose 5*t + 6 = 1, 2*a - 29 = -3*t. Let q(n) = -n**3 - 38*n**2 - 332*n - 113. Calculate the remainder when q(-25) is divided by a.
14
Suppose o + 6 = 3*n + 6*o, 4*n + o = 25. Let r(i) = -39*i + 2 + i**3 - 38*i - 7 + 75*i - 5*i**2. What is the remainder when r(6) is divided by n?
5
Suppose 8*k = 181 + 315. Let i = 220 - k. Calculate the remainder when i is divided by 20.
18
Suppose -j - 16 = -5*r + 10, 5*j = 2*r - 15. Let z = r - 2. Suppose -2*i = -z*u + 1 - 9, -5*i + 5*u + 30 = 0. Calculate the remainder when 17 is divided by i.
7
Let z(y) = 2*y - 16. Let b be z(5). Let h(i) = -3*i - 7. What is the remainder when 53 is divided by h(b)?
9
Let h be 4 - 3 - 3/(-1). Suppose h*f + 2*x - 3*x = 47, f - 11 = x. Let p(y) = y**3 + 12*y**2 - 13*y + 7. What is the remainder when f is divided by p(-13)?
5
Suppose -48 = -16*q + 704. Calculate the remainder when q is divided by (-4)/(8/6)*(-14)/3.
5
Suppose 0 = p - 5*j + 41, -j = 2*p + 51 + 20. What is the remainder when 127 is divided by 128/(-6)*54/p?
31
Let t(y) = y**2 + 3*y + 5. Suppose 4*v + 6 = 14. Suppose -v*r + 1 = -67. Calculate the remainder when r is divided by t(-4).
7
Let j(d) = -d + 5. Let m be j(3). Suppose -a - 20 = -m*a. Let i(q) = -q**3 + 9*q**2 + 5*q - 6. What is the remainder when i(9) is divided by a?
19
Let g(c) = -2 - 12*c + 4 - 1. What is the remainder when ((-2 - 4)/(-6))/(2/74) is divided by g(-1)?
11
Let u(m) = m**3 + 5*m**2 - 4*m + 11. Let g be u(-6). Let c(i) = -75*i**3. What is the remainder when c(g) is divided by 19?
18
Let z(n) = -5*n + 17. What is the remainder when z(-25) is divided by 6?
4
Suppose 0 = 10*v - 5*v - 900. What is the remainder when 20 is divided by (((-20)/12)/(-5))/(5/v)?
8
Let m = -13 + 32. Let w = 23 + 20. Suppose 5*l + 2*n - 6*n = w, l - n - 9 = 0. Calculate the remainder when m is divided by l.
5
Let g = 18 - 12. Suppose 6 = -3*l + g*l. Calculate the remainder when (-28)/182 + (-93)/(-13) is divided by l.
1
Suppose 40 - 45 = -5*p. Let a = 39 - p. What is the remainder when 75 is divided by a?
37
Let m be ((-22)/6)/(2/36). Let w(u) = -u**2 - 21*u - 87. What is the remainder when (-1 + m/(-4))*2 is divided by w(-14)?
9
Let o = 50 + 197. Suppose 79 = -7*c + o. Calculate the remainder when c is divided by 9.
6
Calculate the remainder when (-31)/(-2)*(0 + 14 - 2) is divided by 11.
10
Let t = 0 - -93. Let a(v) = 23*v + 1. Let s be a(1). Suppose f - s = 5*k, 7*k + 96 = 4*f + 2*k. What is the remainder when t is divided by f?
21
Let a(g) = 5*g**2 + 13*g + 9. Let s(l) = -11*l**2 - 26*l - 19. Let i(r) = -9*a(r) - 4*s(r). What is the remainder when i(-7) is divided by 13?
11
Let q be 16 + -1 - (-1 - -1). Suppose o - 53 = q. Let k(r) = r**2 + 16*r - 211. Calculate the remainder when o is divided by k(9).
12
Suppose 0 = -10*v + 4*v + 8580. Suppose 9*b = -b + v. Calculate the remainder when b is divided by 36.
35
Let d be 20/15 + (-6)/(-9). Let q(z) = 19*z**2 + 4*z. Let k be q(d). Suppose 5*a = -k + 329. What is the remainder when a is divided by 26?
23
What is the remainder when 48 is divided by ((-2464)/(-48))/7 - 4/(-6)?
0
Let z(c) be the third derivative of 5*c**4/3 - c**3/3 + 52*c**2 - 1. Let u(t) = -t + 6. Let p be u(5). Calculate the remainder when 151 is divided by z(p).
37
Suppose -34*w = -36*w + 38. Calculate the remainder when 220 is divided by w.
11
Let y(c) = 47*c - 13. Let l be y(5). Suppose 3*f = 2*s + 330 + 364, -l = -f + 3*s. What is the remainder when f is divided by 47?
46
Let b = -77 + 81. Suppose y + 55 = 2*y + 3*q, b*y = -4*q + 252. What is the remainder when y is divided by 14?
11
Suppose 3 - 23 = -4*p. Suppose -5*l + 40 + p = 0. What is the remainder when l is divided by 11 - (1 + (-3 - -8))?
4
Let g = 166 - 139. Suppose 0 = 3*s - 0*n + 2*n - 20, -5*s - 5*n = -25. What is the remainder when g is divided by s?
7
Suppose -k = 37*m - 38*m + 14, 2*k - 38 = -4*m. Let s(u) = u**2 - 4. Calculate the remainder when s(6) is divided by m.
10
Let s(m) = 5 - 3*m**2 - 18*m + 2*m**2 + 12. Calculate the remainder when 32 is divided by s(-18).
15
Calculate the remainder when 3 + 52/(-12) - 1057/(-21) is divided by 27.
22
Suppose -10*t - 5*m - 1 = -13*t, 3*t = 4*m + 5. Calculate the remainder when t is divided by 4.
3
Suppose -20 = -3*y + 2*u, -2*y = u + u. Suppose -49 = 2*s + 5*j - 0*j, -79 = 2*s - j. Let g = 42 + s. What is the remainder when g is divided by y?
1
Let s(k) be the first derivative of -4*k**2 - 1 - 1/3*k**3 + 2*k. Calculate the remainder when s(-7) is divided by 6.
3
Let m(g) = g - 15. Let u be m(18). Suppose 2*d = -2*d + 4*h + 240, u*h = 4*d - 241. What is the remainder when d is divided by 16?
13
Suppose 5*o = -2*u + 116, -2*o + 4*o - 232 = -4*u. Le